ulate the greatest common factor of 243 and 702.
27
What is the highest common factor of 48 and 732?
12
Calculate the highest common divisor of 44 and 256.
4
What is the highest common divisor of 33 and 243?
3
Calculate the greatest common factor of 80 and 1216.
16
What is the greatest common divisor of 1960 and 5?
5
Calculate the highest common divisor of 6 and 282.
6
Calculate the highest common divisor of 28 and 6.
2
What is the highest common factor of 87 and 3?
3
Calculate the highest common divisor of 45705 and 33.
33
Calculate the highest common factor of 168 and 2919.
21
Calculate the highest common factor of 84 and 448.
28
Calculate the greatest common factor of 11 and 2453.
11
What is the highest common factor of 48 and 8052?
12
Calculate the greatest common divisor of 108 and 156.
12
Calculate the greatest common factor of 2432 and 19.
19
Calculate the greatest common divisor of 312 and 858.
78
What is the highest common divisor of 64 and 928?
32
What is the greatest common factor of 64 and 304?
16
What is the greatest common divisor of 4042 and 86?
86
Calculate the greatest common factor of 576 and 54.
18
What is the highest common factor of 3 and 3?
3
Calculate the greatest common divisor of 320 and 120.
40
What is the highest common factor of 270 and 130?
10
What is the highest common factor of 125 and 1625?
125
Calculate the greatest common divisor of 390 and 60.
30
What is the greatest common factor of 60 and 1356?
12
Calculate the highest common divisor of 2040 and 192.
24
Calculate the greatest common factor of 45 and 720.
45
Calculate the greatest common divisor of 230 and 92.
46
What is the greatest common factor of 60 and 68?
4
Calculate the highest common factor of 128 and 4.
4
Calculate the greatest common divisor of 54 and 2.
2
Calculate the highest common factor of 34 and 4675.
17
What is the greatest common factor of 7100 and 500?
100
Calculate the highest common divisor of 90 and 320.
10
Calculate the highest common factor of 3025 and 121.
121
What is the greatest common factor of 3737 and 101?
101
Calculate the greatest common factor of 90 and 342.
18
Calculate the highest common divisor of 950 and 625.
25
Calculate the highest common factor of 190 and 19.
19
Calculate the highest common factor of 24 and 60.
12
Calculate the greatest common factor of 39 and 10257.
39
Calculate the highest common divisor of 274 and 2.
2
What is the highest common factor of 792 and 3036?
132
What is the highest common divisor of 7 and 11?
1
What is the highest common factor of 13 and 143?
13
What is the highest common divisor of 27 and 351?
27
Calculate the greatest common factor of 28 and 45430.
14
What is the greatest common factor of 56 and 86744?
56
What is the greatest common factor of 37 and 2?
1
Calculate the greatest common factor of 676 and 1183.
169
What is the highest common divisor of 728 and 56?
56
Calculate the highest common divisor of 148 and 37.
37
What is the greatest common divisor of 533 and 41?
41
What is the greatest common divisor of 127440 and 36?
36
What is the highest common factor of 1200 and 192?
48
What is the greatest common factor of 12 and 31776?
12
Calculate the greatest common divisor of 184 and 46.
46
Calculate the highest common factor of 1680 and 10.
10
Calculate the greatest common factor of 90 and 24870.
30
Calculate the greatest common divisor of 38 and 342.
38
Calculate the greatest common divisor of 1325 and 175.
25
What is the highest common divisor of 21 and 259?
7
What is the highest common factor of 480 and 1824?
96
What is the greatest common divisor of 500 and 125?
125
What is the greatest common divisor of 1 and 313?
1
Calculate the highest common divisor of 37 and 703.
37
Calculate the greatest common factor of 44 and 121.
11
What is the greatest common divisor of 1804 and 88?
44
Calculate the highest common factor of 30 and 39.
3
What is the highest common divisor of 299 and 69?
23
Calculate the highest common divisor of 954 and 18.
18
Calculate the highest common factor of 84025 and 25.
25
Calculate the highest common divisor of 644 and 460.
92
What is the greatest common divisor of 73 and 3577?
73
Calculate the greatest common factor of 544 and 17.
17
Calculate the greatest common divisor of 190 and 266.
38
What is the greatest common divisor of 72 and 6576?
24
What is the greatest common factor of 93 and 744?
93
What is the greatest common divisor of 42 and 49?
7
Calculate the greatest common divisor of 222 and 96.
6
Calculate the highest common factor of 35 and 8.
1
Calculate the greatest common factor of 177 and 118.
59
Calculate the greatest common factor of 418 and 110.
22
What is the greatest common factor of 62918 and 326?
326
What is the highest common divisor of 297 and 22?
11
What is the greatest common factor of 4832 and 72?
8
What is the highest common divisor of 30 and 35205?
15
Calculate the greatest common factor of 675 and 1944.
27
What is the highest common divisor of 58 and 406?
58
Calculate the greatest common factor of 18 and 25398.
18
Calculate the highest common divisor of 315 and 385.
35
What is the greatest common divisor of 40 and 424?
8
Calculate the greatest common divisor of 2961 and 3339.
63
What is the greatest common factor of 97052 and 76?
76
Calculate the greatest common factor of 300 and 375.
75
What is the greatest common divisor of 5 and 365?
5
What is the highest common factor of 154 and 70?
14
Calculate the greatest common divisor of 180 and 240.
60
What is the highest common factor of 612 and 68?
68
Calculate the highest common divisor of 4375 and 35.
35
Calculate the greatest common factor of 40 and 4460.
20
What is the greatest common factor of 53 and 8480?
53
Calculate the greatest common divisor of 114 and 6.
6
What is the highest common factor of 255 and 357?
51
Calculate the highest common factor of 4310 and 15.
5
Calculate the greatest common divisor of 492 and 36.
12
What is the greatest common factor of 67 and 8509?
67
Calculate the highest common divisor of 336 and 21.
21
What is the greatest common factor of 92 and 88?
4
Calculate the highest common divisor of 299 and 689.
13
Calculate the greatest common factor of 9 and 197.
1
What is the highest common factor of 207 and 759?
69
Calculate the greatest common factor of 182 and 3094.
182
Calculate the highest common factor of 56 and 184.
8
Calculate the highest common factor of 330 and 5720.
110
Calculate the highest common factor of 253 and 184.
23
What is the highest common divisor of 390 and 78?
78
What is the highest common factor of 2247 and 2675?
107
Calculate the greatest common factor of 54 and 909.
9
Calculate the greatest common factor of 3 and 183.
3
What is the highest common divisor of 45 and 297?
9
What is the greatest common factor of 32 and 5?
1
Calculate the greatest common factor of 344 and 387.
43
Calculate the highest common factor of 4301 and 198.
11
What is the highest common divisor of 950 and 150?
50
What is the highest common factor of 430 and 258?
86
What is the greatest common factor of 104 and 10088?
104
Calculate the highest common factor of 120 and 490.
10
What is the greatest common divisor of 2568 and 24?
24
Calculate the greatest common divisor of 2 and 1192.
2
What is the greatest common factor of 21 and 48?
3
Calculate the highest common factor of 39 and 195.
39
Calculate the highest common factor of 180 and 252.
36
What is the highest common factor of 1260 and 154?
14
Calculate the greatest common divisor of 110 and 2090.
110
What is the greatest common divisor of 8 and 18?
2
What is the highest common divisor of 1 and 11?
1
What is the highest common divisor of 4800 and 32?
32
What is the highest common factor of 135 and 360?
45
Calculate the highest common factor of 6 and 366.
6
Calculate the highest common factor of 24 and 12.
12
What is the highest common divisor of 90 and 350?
10
What is the greatest common factor of 1500 and 31800?
300
Calculate the highest common factor of 36 and 10620.
36
What is the greatest common factor of 3354 and 172?
86
Calculate the highest common divisor of 35 and 21.
7
What is the highest common factor of 1 and 1?
1
What is the greatest common divisor of 177 and 3304?
59
Calculate the greatest common factor of 